tiple of 32?
True
Is 64 a factor of 245?
False
Does 39 divide 1833?
True
Does 22 divide 22?
True
Is 447 a multiple of 11?
False
Is 2892 a multiple of 7?
False
Is 10 a factor of 7640?
True
Does 3 divide 210?
True
Is 7411 a multiple of 57?
False
Does 20 divide 19327?
False
Is 11 a factor of 4400?
True
Is 57 a factor of 4674?
True
Is 2006 a multiple of 34?
True
Is 2856 a multiple of 8?
True
Does 6 divide 80?
False
Is 10 a factor of 21552?
False
Does 21 divide 47633?
False
Does 9 divide 576?
True
Is 7 a factor of 1652?
True
Is 16 a factor of 320?
True
Is 13 a factor of 2106?
True
Is 26012 a multiple of 14?
True
Is 78399 a multiple of 76?
False
Is 46 a factor of 460?
True
Does 22 divide 89483?
False
Does 22 divide 3784?
True
Does 106 divide 3922?
True
Is 34180 a multiple of 101?
False
Does 18 divide 7452?
True
Is 145 a multiple of 29?
True
Is 482 a multiple of 22?
False
Is 448 a multiple of 8?
True
Is 3617 a multiple of 116?
False
Is 248 a factor of 48856?
True
Is 104 a factor of 117520?
True
Does 56 divide 4330?
False
Does 31 divide 737?
False
Is 5103 a multiple of 81?
True
Is 131740 a multiple of 424?
False
Does 20 divide 1253?
False
Is 46 a factor of 960?
False
Does 45 divide 1030?
False
Is 25 a factor of 7118?
False
Is 105 a factor of 210?
True
Does 322 divide 1106?
False
Does 27 divide 108?
True
Is 67 a factor of 871?
True
Is 1116 a multiple of 31?
True
Does 172 divide 51256?
True
Is 656 a multiple of 8?
True
Is 7161 a multiple of 25?
False
Is 14885 a multiple of 13?
True
Does 10 divide 81?
False
Is 3430 a multiple of 70?
True
Is 11 a factor of 19294?
True
Is 22 a factor of 195?
False
Does 9 divide 1998?
True
Is 30 a factor of 6756?
False
Does 23 divide 1724?
False
Does 51 divide 7344?
True
Is 2544 a multiple of 106?
True
Is 22 a multiple of 11?
True
Does 14 divide 24486?
True
Is 12 a factor of 28440?
True
Is 760 a multiple of 38?
True
Is 422 a multiple of 3?
False
Is 2584 a multiple of 68?
True
Does 24 divide 62736?
True
Does 22 divide 10956?
True
Is 1035 a multiple of 9?
True
Is 5032 a multiple of 37?
True
Is 102 a factor of 1094?
False
Is 14219 a multiple of 54?
False
Does 218 divide 42693?
False
Is 44 a factor of 633?
False
Is 15 a factor of 21120?
True
Does 8 divide 1567?
False
Is 35 a factor of 1575?
True
Does 9 divide 701?
False
Is 57 a factor of 1767?
True
Does 25 divide 51664?
False
Does 18 divide 756?
True
Does 74 divide 58293?
False
Is 154 a multiple of 2?
True
Is 7 a factor of 2953?
False
Is 3266 a multiple of 23?
True
Is 15 a factor of 7770?
True
Is 90 a factor of 810?
True
Is 13 a factor of 3948?
False
Is 36 a factor of 2412?
True
Is 567 a multiple of 9?
True
Is 7 a factor of 959?
True
Is 3 a factor of 10290?
True
Does 8 divide 10304?
True
Is 41 a factor of 369?
True
Is 2695 a multiple of 56?
False
Is 31 a factor of 156?
False
Is 33 a factor of 1056?
True
Is 7232 a multiple of 7?
False
Is 4 a factor of 2156?
True
Does 12 divide 9805?
False
Does 19 divide 8254?
False
Does 37 divide 12469?
True
Does 5 divide 123?
False
Does 10 divide 193?
False
Does 27 divide 810?
True
Is 1120 a multiple of 16?
True
Does 20 divide 41340?
True
Is 17 a factor of 542?
False
Is 2034 a multiple of 37?
False
Is 24 a factor of 2606?
False
Is 405 a multiple of 15?
True
Is 2736 a multiple of 36?
True
Is 21 a factor of 1365?
True
Does 29 divide 754?
True
Is 341 a multiple of 7?
False
Is 50 a multiple of 10?
True
Is 5 a factor of 23652?
False
Is 2070 a multiple of 3?
True
Is 10 a factor of 404?
False
Is 38 a factor of 418?
True
Is 4 a factor of 668?
True
Does 128 divide 5328?
False
Is 29 a factor of 493?
True
Is 46 a factor of 552?
True
Is 17947 a multiple of 131?
True
Is 814 a multiple of 27?
False
Is 656 a multiple of 7?
False
Does 86 divide 6443?
False
Does 31 divide 20608?
False
Is 120 a multiple of 15?
True
Is 713 a multiple of 20?
False
Is 219 a factor of 27813?
True
Is 16 a factor of 1888?
True
Is 2361 a multiple of 17?
False
Is 112 a factor of 83804?
False
Is 3 a factor of 8418?
True
Is 92 a multiple of 46?
True
Is 28 a factor of 1875?
False
Is 59813 a multiple of 126?
False
Is 21 a factor of 1330?
False
Is 4092 a multiple of 44?
True
Is 55 a factor of 63368?
False
Does 67 divide 3752?
True
Is 11 a factor of 38?
False
Is 30 a factor of 420?
True
Does 20 divide 24075?
False
Does 74 divide 3969?
False
Is 22 a factor of 112?
False
Is 13 a factor of 1222?
True
Is 10 a factor of 3922?
False
Does 18 divide 167?
False
Is 9 a factor of 424?
False
Does 9 divide 17987?
False
Does 6 divide 468?
True
Is 2691 a multiple of 110?
False
Does 59 divide 1532?
False
Is 6780 a multiple of 113?
True
Does 9 divide 2069?
False
Is 75 a factor of 16165?
False
Does 4 divide 115?
False
Is 39675 a multiple of 80?
False
Does 32 divide 1779?
False
Is 57 a factor of 1767?
True
Is 98320 a multiple of 20?
True
Is 26 a factor of 3484?
True
Is 2538 a multiple of 2?
True
Is 37 a factor of 3071?
True
Is 1170 a multiple of 30?
True
Is 828 a multiple of 18?
True
Is 20 a factor of 400?
True
Is 23491 a multiple of 57?
False
Is 22295 a multiple of 116?
False
Is 7000 a multiple of 40?
True
Does 10 divide 40?
True
Is 15 a factor of 6659?
False
Is 11 a factor of 2420?
True
Is 3131 a multiple of 61?
False
Is 22 a factor of 481?
False
Is 6561 a multiple of 133?
False
Does 20 divide 320?
True
Does 131 divide 177?
False
Is 2 a factor of 8085?
False
Is 3 a factor of 10551?
True
Does 8 divide 4699?
False
Does 60 divide 120?
True
Does 14 divide 574?
True
Does 15 divide 255?
True
Is 267 a multiple of 9?
False
Does 48 divide 560?
False
Is 32 a factor of 15909?
False
Is 20 a factor of 4837?
False
Is 1466 a multiple of 2?
True
Is 71 a factor of 34719?
True
Is 247 a factor of 68419?
True
Does 19 divide 8455?
True
Is 27942 a multiple of 22?
False
Does 24 divide 11172?
False
Is 67754 a multiple of 205?
False
Is 34 a factor of 2445?
False
Is 107 a factor of 2996?
True
Is 374 a multiple of 11?
True
Is 81 a factor of 64610?
False
Is 1659 a multiple of 3?
True
Is 15 a factor of 15750?
True
Is 1483 a multiple of 134?
False
Is 19 a factor of 646?
True
Is 43 a factor of 817?
True
Is 37119 a multiple of 20?
False
Is 37 a factor of 32640?
False
Is 7 a factor of 2552?
False
Is 19 a factor of 43?
False
Does 36 divide 583?
False
Is 31 a factor of 11916?
False
Is 26 a factor of 2784?
False
Is 42 a factor of 12109?
False
Does 3 divide 3141?
True
Does 16 divide 53408?
True
Is 1780 a multiple of 10?
True
Is 16 a factor of 609?
False
Is 585 a multiple of 40?
False
Is 4118 a multiple of 142?
True
Does 14 divide 213?
False
Does 23 divide 1587?
True
Does 107 divide 2889?
True
Is 378 a multiple of 6?
True
Is 18616 a multiple of 74?
False
Is 80 a factor of 4400?
True
Does 60 divide 180?
True
Is 6 a factor of 9025?
False
Is 24 a factor of 672?
True
Does 64 divide 3964?
False
Does 29 divide 22065?
False
Is 12 a factor of 20479?
False
Does 13 divide 468?
True
Is 52462 a multiple of 17?
True
Is 465 a multiple of 28?
False
Does 71 divide 617?
False
Does 254 divide 63500?
True
Does 17 divide 238?
True
Does 22 divide 2904?
True
Is 9550 a multiple of 20?
False
Is 5 a factor of 1890?
True
Is 34 a factor of 408?
True
Does 165 divide 26730?
True
Does 15 divide 126718?
False
Is 297 a multiple of 11?
True
Is 2 a factor of 1027?
False
Does 68 divide 5508?
True
Is 358 a factor of 90574?
True
Does 29 divide 58?
True
Is 964 a multiple of 8?
False
Is 19 a factor of 462?
False
Is 616 a multiple of 56?
True
Is 377 even?
False
Is 15049 a multiple of 8?
False
Does 18 divide 5373?
False
Is 17 a factor of 9935?
False
Is 134 a factor of 2476?
False
Is 13 a factor of 247?
True
Does 11 divide 10494?
True
Does 244 divide 62599?
False
Is 17253 a multiple of 243?
True
Is 9 a factor of 4535?
False
Does 16 divide 690?
False
Does 16 divide 9432?
False
Is 431 a factor of 84268?
False
Does 4 divide 1769?
False
Does 16 divide 895?
False
Is 15377 a multiple of 42?
False
Is 5764 a multiple of 11?
True
Is 564 a multiple of 47?
True
Is 307 a multiple of 43?
False
Is 956 a multiple of 62?
False
Does 28 divide 4060?
True
Does 10 divide 494?
False
Is 693 a multiple of 26?
False
Is 107 a multiple of 2?
False
Is 3020 a multiple of 66?
False
Is 21 a factor of 1638?
True
Is 1740 a multiple of 5?
True
Is 1264 a multiple of 8?
True
Is 410 a multiple of 8?
False
Does 15 divi